{"id":25756,"date":"2022-12-28T09:10:05","date_gmt":"2022-12-28T08:10:05","guid":{"rendered":"https:\/\/www.ohis.be\/produit\/ht-08-mobiler-werkzeughubtisch\/"},"modified":"2022-12-28T09:10:05","modified_gmt":"2022-12-28T08:10:05","slug":"ht-08-mobiler-werkzeughubtisch","status":"publish","type":"product","link":"https:\/\/www.ohis.be\/de\/produit\/ht-08-mobiler-werkzeughubtisch\/","title":{"rendered":"HT 08 Mobiler Werkzeughubtisch"},"content":{"rendered":"<p>Ausstattung und Verarbeitung<br \/>\n\u2022 TRIPLEX Mast f\u00fcr gro\u00dfe Hubh\u00f6he bis 1.475mm<br \/>\n\u2022 Einfaches Verschieben des Ger\u00e4tes mit ergonomischem Schiebegriff.<br \/>\n\u2022 Gro\u00dfer Hub je Hebelschlag durch Hydraulikaggregat mit doppeltwirkender Handpumpe (HT 08 M)<br \/>\n\u2022 Elektrisches Hydraulikaggregat mit Akku f\u00fcr komfortables und einfaches Heben (HT 08 E).<br \/>\n\u2022 Arretierung des Ger\u00e4tes durch Feststellvorrichtung an der Lenkrolle.<br \/>\n\u2022 Robuste Konstruktion mit hartverchromter Kolbenstange<\/p>\n<p>Lieferumfang HT 08 E<br \/>\n\u2022 Batterie und Ladeger\u00e4t<\/p>\n","protected":false},"excerpt":{"rendered":"<p>Ausstattung und Verarbeitung<br \/>\n\u2022 TRIPLEX Mast f\u00fcr gro\u00dfe Hubh\u00f6he bis 1.475mm<br \/>\n\u2022 Einfaches Verschieben des Ger\u00e4tes mit ergonomischem Schiebegriff.<br \/>\n\u2022 Gro\u00dfer Hub je Hebelschlag durch Hydraulikaggregat mit doppeltwirkender Handpumpe (HT 08 M)<br \/>\n\u2022 Elektrisches Hydraulikaggregat mit Akku f\u00fcr komfortables und einfaches Heben (HT 08 E).<br \/>\n\u2022 Arretierung des Ger\u00e4tes durch Feststellvorrichtung an der Lenkrolle.<br \/>\n\u2022 Robuste Konstruktion mit hartverchromter Kolbenstange<\/p>\n<p>Lieferumfang HT 08 E<br \/>\n\u2022 Batterie und Ladeger\u00e4t<\/p>\n","protected":false},"featured_media":22011,"template":"","meta":{"_acf_changed":false,"inline_featured_image":false},"product_brand":[],"product_cat":[1627],"product_tag":[1673],"class_list":{"0":"post-25756","1":"product","2":"type-product","3":"status-publish","4":"has-post-thumbnail","6":"product_cat-boden-handling","7":"product_tag-pfaff-de","9":"first","10":"onbackorder","11":"taxable","12":"shipping-taxable","13":"purchasable","14":"product-type-variable"},"acf":[],"yoast_head":"<!-- This site is optimized with the Yoast SEO plugin v27.4 - https:\/\/yoast.com\/product\/yoast-seo-wordpress\/ -->\n<title>HT 08 Mobiler Werkzeughubtisch - Ohis<\/title>\n<meta name=\"robots\" content=\"index, follow, max-snippet:-1, max-image-preview:large, max-video-preview:-1\" \/>\n<link rel=\"canonical\" href=\"https:\/\/www.ohis.be\/de\/produit\/ht-08-mobiler-werkzeughubtisch\/\" \/>\n<meta property=\"og:locale\" content=\"de_DE\" \/>\n<meta property=\"og:type\" content=\"article\" \/>\n<meta property=\"og:title\" content=\"HT 08 Mobiler Werkzeughubtisch - Ohis\" \/>\n<meta property=\"og:description\" content=\"Ausstattung und Verarbeitung \u2022 TRIPLEX Mast f\u00fcr gro\u00dfe Hubh\u00f6he bis 1.475mm \u2022 Einfaches Verschieben des Ger\u00e4tes mit ergonomischem Schiebegriff. \u2022 Gro\u00dfer Hub je Hebelschlag durch Hydraulikaggregat mit doppeltwirkender Handpumpe (HT 08 M) \u2022 Elektrisches Hydraulikaggregat mit Akku f\u00fcr komfortables und einfaches Heben (HT 08 E). \u2022 Arretierung des Ger\u00e4tes durch Feststellvorrichtung an der Lenkrolle. \u2022 Robuste Konstruktion mit hartverchromter Kolbenstange  Lieferumfang HT 08 E \u2022 Batterie und Ladeger\u00e4t\" \/>\n<meta property=\"og:url\" content=\"https:\/\/www.ohis.be\/de\/produit\/ht-08-mobiler-werkzeughubtisch\/\" \/>\n<meta property=\"og:site_name\" content=\"Ohis\" \/>\n<meta property=\"og:image\" content=\"https:\/\/www.ohis.be\/wp-content\/uploads\/2022\/12\/pfaff-ht-08-e-scaled.jpg\" \/>\n\t<meta property=\"og:image:width\" content=\"2560\" \/>\n\t<meta property=\"og:image:height\" content=\"2430\" \/>\n\t<meta property=\"og:image:type\" content=\"image\/jpeg\" \/>\n<meta name=\"twitter:card\" content=\"summary_large_image\" \/>\n<script type=\"application\/ld+json\" class=\"yoast-schema-graph\">{\"@context\":\"https:\\\/\\\/schema.org\",\"@graph\":[{\"@type\":\"WebPage\",\"@id\":\"https:\\\/\\\/www.ohis.be\\\/de\\\/produit\\\/ht-08-mobiler-werkzeughubtisch\\\/\",\"url\":\"https:\\\/\\\/www.ohis.be\\\/de\\\/produit\\\/ht-08-mobiler-werkzeughubtisch\\\/\",\"name\":\"HT 08 Mobiler Werkzeughubtisch - Ohis\",\"isPartOf\":{\"@id\":\"https:\\\/\\\/www.ohis.be\\\/#website\"},\"primaryImageOfPage\":{\"@id\":\"https:\\\/\\\/www.ohis.be\\\/de\\\/produit\\\/ht-08-mobiler-werkzeughubtisch\\\/#primaryimage\"},\"image\":{\"@id\":\"https:\\\/\\\/www.ohis.be\\\/de\\\/produit\\\/ht-08-mobiler-werkzeughubtisch\\\/#primaryimage\"},\"thumbnailUrl\":\"https:\\\/\\\/www.ohis.be\\\/wp-content\\\/uploads\\\/2022\\\/12\\\/pfaff-ht-08-e-scaled.jpg\",\"datePublished\":\"2022-12-28T08:10:05+00:00\",\"breadcrumb\":{\"@id\":\"https:\\\/\\\/www.ohis.be\\\/de\\\/produit\\\/ht-08-mobiler-werkzeughubtisch\\\/#breadcrumb\"},\"inLanguage\":\"de\",\"potentialAction\":[{\"@type\":\"ReadAction\",\"target\":[\"https:\\\/\\\/www.ohis.be\\\/de\\\/produit\\\/ht-08-mobiler-werkzeughubtisch\\\/\"]}]},{\"@type\":\"ImageObject\",\"inLanguage\":\"de\",\"@id\":\"https:\\\/\\\/www.ohis.be\\\/de\\\/produit\\\/ht-08-mobiler-werkzeughubtisch\\\/#primaryimage\",\"url\":\"https:\\\/\\\/www.ohis.be\\\/wp-content\\\/uploads\\\/2022\\\/12\\\/pfaff-ht-08-e-scaled.jpg\",\"contentUrl\":\"https:\\\/\\\/www.ohis.be\\\/wp-content\\\/uploads\\\/2022\\\/12\\\/pfaff-ht-08-e-scaled.jpg\",\"width\":2560,\"height\":2430},{\"@type\":\"BreadcrumbList\",\"@id\":\"https:\\\/\\\/www.ohis.be\\\/de\\\/produit\\\/ht-08-mobiler-werkzeughubtisch\\\/#breadcrumb\",\"itemListElement\":[{\"@type\":\"ListItem\",\"position\":1,\"name\":\"Accueil\",\"item\":\"https:\\\/\\\/www.ohis.be\\\/de\\\/\"},{\"@type\":\"ListItem\",\"position\":2,\"name\":\"Produkte\",\"item\":\"https:\\\/\\\/www.ohis.be\\\/de\\\/produkte\\\/\"},{\"@type\":\"ListItem\",\"position\":3,\"name\":\"HT 08 Mobiler Werkzeughubtisch\"}]},{\"@type\":\"WebSite\",\"@id\":\"https:\\\/\\\/www.ohis.be\\\/#website\",\"url\":\"https:\\\/\\\/www.ohis.be\\\/\",\"name\":\"Ohis\",\"description\":\"Outils de levage\",\"publisher\":{\"@id\":\"https:\\\/\\\/www.ohis.be\\\/#organization\"},\"potentialAction\":[{\"@type\":\"SearchAction\",\"target\":{\"@type\":\"EntryPoint\",\"urlTemplate\":\"https:\\\/\\\/www.ohis.be\\\/?s={search_term_string}\"},\"query-input\":{\"@type\":\"PropertyValueSpecification\",\"valueRequired\":true,\"valueName\":\"search_term_string\"}}],\"inLanguage\":\"de\"},{\"@type\":\"Organization\",\"@id\":\"https:\\\/\\\/www.ohis.be\\\/#organization\",\"name\":\"Ohis\",\"url\":\"https:\\\/\\\/www.ohis.be\\\/\",\"logo\":{\"@type\":\"ImageObject\",\"inLanguage\":\"de\",\"@id\":\"https:\\\/\\\/www.ohis.be\\\/#\\\/schema\\\/logo\\\/image\\\/\",\"url\":\"https:\\\/\\\/www.ohis.be\\\/wp-content\\\/uploads\\\/2021\\\/02\\\/logo-ohis-wit.svg\",\"contentUrl\":\"https:\\\/\\\/www.ohis.be\\\/wp-content\\\/uploads\\\/2021\\\/02\\\/logo-ohis-wit.svg\",\"caption\":\"Ohis\"},\"image\":{\"@id\":\"https:\\\/\\\/www.ohis.be\\\/#\\\/schema\\\/logo\\\/image\\\/\"}}]}<\/script>\n<!-- \/ Yoast SEO plugin. -->","yoast_head_json":{"title":"HT 08 Mobiler Werkzeughubtisch - Ohis","robots":{"index":"index","follow":"follow","max-snippet":"max-snippet:-1","max-image-preview":"max-image-preview:large","max-video-preview":"max-video-preview:-1"},"canonical":"https:\/\/www.ohis.be\/de\/produit\/ht-08-mobiler-werkzeughubtisch\/","og_locale":"de_DE","og_type":"article","og_title":"HT 08 Mobiler Werkzeughubtisch - Ohis","og_description":"Ausstattung und Verarbeitung \u2022 TRIPLEX Mast f\u00fcr gro\u00dfe Hubh\u00f6he bis 1.475mm \u2022 Einfaches Verschieben des Ger\u00e4tes mit ergonomischem Schiebegriff. \u2022 Gro\u00dfer Hub je Hebelschlag durch Hydraulikaggregat mit doppeltwirkender Handpumpe (HT 08 M) \u2022 Elektrisches Hydraulikaggregat mit Akku f\u00fcr komfortables und einfaches Heben (HT 08 E). \u2022 Arretierung des Ger\u00e4tes durch Feststellvorrichtung an der Lenkrolle. \u2022 Robuste Konstruktion mit hartverchromter Kolbenstange  Lieferumfang HT 08 E \u2022 Batterie und Ladeger\u00e4t","og_url":"https:\/\/www.ohis.be\/de\/produit\/ht-08-mobiler-werkzeughubtisch\/","og_site_name":"Ohis","og_image":[{"width":2560,"height":2430,"url":"https:\/\/www.ohis.be\/wp-content\/uploads\/2022\/12\/pfaff-ht-08-e-scaled.jpg","type":"image\/jpeg"}],"twitter_card":"summary_large_image","schema":{"@context":"https:\/\/schema.org","@graph":[{"@type":"WebPage","@id":"https:\/\/www.ohis.be\/de\/produit\/ht-08-mobiler-werkzeughubtisch\/","url":"https:\/\/www.ohis.be\/de\/produit\/ht-08-mobiler-werkzeughubtisch\/","name":"HT 08 Mobiler Werkzeughubtisch - Ohis","isPartOf":{"@id":"https:\/\/www.ohis.be\/#website"},"primaryImageOfPage":{"@id":"https:\/\/www.ohis.be\/de\/produit\/ht-08-mobiler-werkzeughubtisch\/#primaryimage"},"image":{"@id":"https:\/\/www.ohis.be\/de\/produit\/ht-08-mobiler-werkzeughubtisch\/#primaryimage"},"thumbnailUrl":"https:\/\/www.ohis.be\/wp-content\/uploads\/2022\/12\/pfaff-ht-08-e-scaled.jpg","datePublished":"2022-12-28T08:10:05+00:00","breadcrumb":{"@id":"https:\/\/www.ohis.be\/de\/produit\/ht-08-mobiler-werkzeughubtisch\/#breadcrumb"},"inLanguage":"de","potentialAction":[{"@type":"ReadAction","target":["https:\/\/www.ohis.be\/de\/produit\/ht-08-mobiler-werkzeughubtisch\/"]}]},{"@type":"ImageObject","inLanguage":"de","@id":"https:\/\/www.ohis.be\/de\/produit\/ht-08-mobiler-werkzeughubtisch\/#primaryimage","url":"https:\/\/www.ohis.be\/wp-content\/uploads\/2022\/12\/pfaff-ht-08-e-scaled.jpg","contentUrl":"https:\/\/www.ohis.be\/wp-content\/uploads\/2022\/12\/pfaff-ht-08-e-scaled.jpg","width":2560,"height":2430},{"@type":"BreadcrumbList","@id":"https:\/\/www.ohis.be\/de\/produit\/ht-08-mobiler-werkzeughubtisch\/#breadcrumb","itemListElement":[{"@type":"ListItem","position":1,"name":"Accueil","item":"https:\/\/www.ohis.be\/de\/"},{"@type":"ListItem","position":2,"name":"Produkte","item":"https:\/\/www.ohis.be\/de\/produkte\/"},{"@type":"ListItem","position":3,"name":"HT 08 Mobiler Werkzeughubtisch"}]},{"@type":"WebSite","@id":"https:\/\/www.ohis.be\/#website","url":"https:\/\/www.ohis.be\/","name":"Ohis","description":"Outils de levage","publisher":{"@id":"https:\/\/www.ohis.be\/#organization"},"potentialAction":[{"@type":"SearchAction","target":{"@type":"EntryPoint","urlTemplate":"https:\/\/www.ohis.be\/?s={search_term_string}"},"query-input":{"@type":"PropertyValueSpecification","valueRequired":true,"valueName":"search_term_string"}}],"inLanguage":"de"},{"@type":"Organization","@id":"https:\/\/www.ohis.be\/#organization","name":"Ohis","url":"https:\/\/www.ohis.be\/","logo":{"@type":"ImageObject","inLanguage":"de","@id":"https:\/\/www.ohis.be\/#\/schema\/logo\/image\/","url":"https:\/\/www.ohis.be\/wp-content\/uploads\/2021\/02\/logo-ohis-wit.svg","contentUrl":"https:\/\/www.ohis.be\/wp-content\/uploads\/2021\/02\/logo-ohis-wit.svg","caption":"Ohis"},"image":{"@id":"https:\/\/www.ohis.be\/#\/schema\/logo\/image\/"}}]}},"_links":{"self":[{"href":"https:\/\/www.ohis.be\/de\/wp-json\/wp\/v2\/product\/25756","targetHints":{"allow":["GET"]}}],"collection":[{"href":"https:\/\/www.ohis.be\/de\/wp-json\/wp\/v2\/product"}],"about":[{"href":"https:\/\/www.ohis.be\/de\/wp-json\/wp\/v2\/types\/product"}],"wp:featuredmedia":[{"embeddable":true,"href":"https:\/\/www.ohis.be\/de\/wp-json\/wp\/v2\/media\/22011"}],"wp:attachment":[{"href":"https:\/\/www.ohis.be\/de\/wp-json\/wp\/v2\/media?parent=25756"}],"wp:term":[{"taxonomy":"product_brand","embeddable":true,"href":"https:\/\/www.ohis.be\/de\/wp-json\/wp\/v2\/product_brand?post=25756"},{"taxonomy":"product_cat","embeddable":true,"href":"https:\/\/www.ohis.be\/de\/wp-json\/wp\/v2\/product_cat?post=25756"},{"taxonomy":"product_tag","embeddable":true,"href":"https:\/\/www.ohis.be\/de\/wp-json\/wp\/v2\/product_tag?post=25756"}],"curies":[{"name":"wp","href":"https:\/\/api.w.org\/{rel}","templated":true}]}}

<p>Ausstattung und Verarbeitung<br />
• TRIPLEX Mast für große Hubhöhe bis 1.475mm<br />
• Einfaches Verschieben des Gerätes mit ergonomischem Schiebegriff.<br />
• Großer Hub je Hebelschlag durch Hydraulikaggregat mit doppeltwirkender Handpumpe (HT 08 M)<br />
• Elektrisches Hydraulikaggregat mit Akku für komfortables und einfaches Heben (HT 08 E).<br />
• Arretierung des Gerätes durch Feststellvorrichtung an der Lenkrolle.<br />
• Robuste Konstruktion mit hartverchromter Kolbenstange</p>
<p>Lieferumfang HT 08 E<br />
• Batterie und Ladegerät</p>

<!-- This site is optimized with the Yoast SEO plugin v27.4 - https://yoast.com/product/yoast-seo-wordpress/ -->
<title>HT 08 Mobiler Werkzeughubtisch - Ohis</title>
<meta name="robots" content="index, follow, max-snippet:-1, max-image-preview:large, max-video-preview:-1" />
<link rel="canonical" href="https://www.ohis.be/de/produit/ht-08-mobiler-werkzeughubtisch/" />
<meta property="og:locale" content="de_DE" />
<meta property="og:type" content="article" />
<meta property="og:title" content="HT 08 Mobiler Werkzeughubtisch - Ohis" />
<meta property="og:description" content="Ausstattung und Verarbeitung • TRIPLEX Mast für große Hubhöhe bis 1.475mm • Einfaches Verschieben des Gerätes mit ergonomischem Schiebegriff. • Großer Hub je Hebelschlag durch Hydraulikaggregat mit doppeltwirkender Handpumpe (HT 08 M) • Elektrisches Hydraulikaggregat mit Akku für komfortables und einfaches Heben (HT 08 E). • Arretierung des Gerätes durch Feststellvorrichtung an der Lenkrolle. • Robuste Konstruktion mit hartverchromter Kolbenstange  Lieferumfang HT 08 E • Batterie und Ladegerät" />
<meta property="og:url" content="https://www.ohis.be/de/produit/ht-08-mobiler-werkzeughubtisch/" />
<meta property="og:site_name" content="Ohis" />
<meta property="og:image" content="https://www.ohis.be/wp-content/uploads/2022/12/pfaff-ht-08-e-scaled.jpg" />
	<meta property="og:image:width" content="2560" />
	<meta property="og:image:height" content="2430" />
	<meta property="og:image:type" content="image/jpeg" />
<meta name="twitter:card" content="summary_large_image" />
<script type="application/ld+json" class="yoast-schema-graph">{"@context":"https:\/\/schema.org","@graph":[{"@type":"WebPage","@id":"https:\/\/www.ohis.be\/de\/produit\/ht-08-mobiler-werkzeughubtisch\/","url":"https:\/\/www.ohis.be\/de\/produit\/ht-08-mobiler-werkzeughubtisch\/","name":"HT 08 Mobiler Werkzeughubtisch - Ohis","isPartOf":{"@id":"https:\/\/www.ohis.be\/#website"},"primaryImageOfPage":{"@id":"https:\/\/www.ohis.be\/de\/produit\/ht-08-mobiler-werkzeughubtisch\/#primaryimage"},"image":{"@id":"https:\/\/www.ohis.be\/de\/produit\/ht-08-mobiler-werkzeughubtisch\/#primaryimage"},"thumbnailUrl":"https:\/\/www.ohis.be\/wp-content\/uploads\/2022\/12\/pfaff-ht-08-e-scaled.jpg","datePublished":"2022-12-28T08:10:05+00:00","breadcrumb":{"@id":"https:\/\/www.ohis.be\/de\/produit\/ht-08-mobiler-werkzeughubtisch\/#breadcrumb"},"inLanguage":"de","potentialAction":[{"@type":"ReadAction","target":["https:\/\/www.ohis.be\/de\/produit\/ht-08-mobiler-werkzeughubtisch\/"]}]},{"@type":"ImageObject","inLanguage":"de","@id":"https:\/\/www.ohis.be\/de\/produit\/ht-08-mobiler-werkzeughubtisch\/#primaryimage","url":"https:\/\/www.ohis.be\/wp-content\/uploads\/2022\/12\/pfaff-ht-08-e-scaled.jpg","contentUrl":"https:\/\/www.ohis.be\/wp-content\/uploads\/2022\/12\/pfaff-ht-08-e-scaled.jpg","width":2560,"height":2430},{"@type":"BreadcrumbList","@id":"https:\/\/www.ohis.be\/de\/produit\/ht-08-mobiler-werkzeughubtisch\/#breadcrumb","itemListElement":[{"@type":"ListItem","position":1,"name":"Accueil","item":"https:\/\/www.ohis.be\/de\/"},{"@type":"ListItem","position":2,"name":"Produkte","item":"https:\/\/www.ohis.be\/de\/produkte\/"},{"@type":"ListItem","position":3,"name":"HT 08 Mobiler Werkzeughubtisch"}]},{"@type":"WebSite","@id":"https:\/\/www.ohis.be\/#website","url":"https:\/\/www.ohis.be\/","name":"Ohis","description":"Outils de levage","publisher":{"@id":"https:\/\/www.ohis.be\/#organization"},"potentialAction":[{"@type":"SearchAction","target":{"@type":"EntryPoint","urlTemplate":"https:\/\/www.ohis.be\/?s={search_term_string}"},"query-input":{"@type":"PropertyValueSpecification","valueRequired":true,"valueName":"search_term_string"}}],"inLanguage":"de"},{"@type":"Organization","@id":"https:\/\/www.ohis.be\/#organization","name":"Ohis","url":"https:\/\/www.ohis.be\/","logo":{"@type":"ImageObject","inLanguage":"de","@id":"https:\/\/www.ohis.be\/#\/schema\/logo\/image\/","url":"https:\/\/www.ohis.be\/wp-content\/uploads\/2021\/02\/logo-ohis-wit.svg","contentUrl":"https:\/\/www.ohis.be\/wp-content\/uploads\/2021\/02\/logo-ohis-wit.svg","caption":"Ohis"},"image":{"@id":"https:\/\/www.ohis.be\/#\/schema\/logo\/image\/"}}]}</script>
<!-- / Yoast SEO plugin. -->

Ausstattung und Verarbeitung • TRIPLEX Mast für große Hubhöhe bis 1.475mm • Einfaches Verschieben des Gerätes mit ergonomischem Schiebegriff. • Großer Hub je Hebelschlag durch Hydraulikaggregat mit doppeltwirkender Handpumpe (HT 08 M) • Elektrisches Hydraulikaggregat mit Akku für komfortables und einfaches Heben (HT 08 E). • Arretierung des Gerätes durch Feststellvorrichtung an der Lenkrolle. • Robuste Konstruktion mit hartverchromter Kolbenstange  Lieferumfang HT 08 E • Batterie und Ladegerät
